 j(i) = 5*i + 17. Let t(l) = 2*l + 8. Let d(z) = 3*j(z) - 7*t(z). Suppose 3*w + 3*q - 15 = -3, 4*q - 8 = -3*w. Determine d(w).
3
Let z(c) = -5*c - 22. Let p be z(-9). Let t = p + -20. Let v(o) = 2 + 3*o + 2*o**2 - t*o + o**2 - 3*o. Give v(2).
8
Suppose 133 = 2*a - 13. Suppose 5*g - 12 - a = 0. Let t = g - 17. Let k(n) = -n**3 + n**2 + n - 4. What is k(t)?
-4
Let n = 12 + -8. Suppose y = n*a - 2*a + 6, 3*a + 6 = 0. Let o(d) = -4*d - 2 - 1 + 4*d**y - 5*d**2. What is o(-3)?
0
Suppose -6 = -3*j + 3*m, -4*j + 5*m = -2*j + 11. Suppose 5*l + p - 34 + j = 0, -9 = -4*l - 5*p. Let r(s) = s**2 - 7*s - 7. What is r(l)?
-13
Let q(l) = -l**2 - 9*l - 12. Suppose 9*y = -8*y - 136. Determine q(y).
-4
Suppose -3*g - 2 = -8. Suppose -45 = -5*q - g*a, a + 4*a - 45 = -5*q. Let c(d) = -d**2 + d + d**2 + d**3 - q + d**2. Determine c(0).
-9
Let v(r) = r**3 + r**2 + 4*r - 3. Let t(h) = -1 + h**2 + 0*h**2 - 2*h**2. Let j(u) = 2*t(u) - v(u). Suppose 2*p + 11 = p + 4*f, 3*p - 3*f = -15. Determine j(p).
13
Suppose -10*y = 12*y - 2*y. Let h(b) be the second derivative of 5/2*b**2 + y - 1/6*b**3 + 2*b. Calculate h(0).
5
Let k(v) = -v - 3. Suppose -7*m - 2 + 30 = 0. Suppose -m*q = -26 + 46. Give k(q).
2
Let l(v) = -2*v - 403 + 133 + 3*v + 134 + 134. Let i = -18 + 28. Give l(i).
8
Let n = 25 + -24. Let y(q) = -5*q**3 - q**2 - q + 2. Let x be y(n). Let w(d) = d**3 + 6*d**2 + 4*d - 5. Calculate w(x).
0
Let c(y) = -y + 9. Let b(l) = -l**3 - 8*l**2 + 2*l + 7. Let v be b(-8). Let h(d) = -d - 9. Let p be h(v). Suppose -f - 4*f = p. What is c(f)?
9
Let o(z) = -z**3 + 8*z**2 - 11*z + 10. Suppose -5*v + 43 = -4*q, 0 = -5*v + 2*q - 3*q + 33. What is o(v)?
-18
Let h = -2 + 2. Let o(j) = -9*j - j + 6*j - 1 + h*j. Calculate o(2).
-9
Let f = 66 + -74. Let a be -2 - 0/(f/(-2)) - 2. Let t(c) = c**3 + 4*c**2 + 2*c + 3. Give t(a).
-5
Let s = 29 + -27. Let w(l) = -l**3 + 4*l**2 - 6*l + 4. Let q be w(s). Let n(o) = -3*o**3 + o + 0*o + 6 + 4*o**3. What is n(q)?
6
Suppose -7*j = -j - 24. Let h(g) = -6*g. Let n(w) = -5*w. Let a(i) = j*h(i) - 5*n(i). Determine a(-2).
-2
Suppose t + 0*t - 3 = 0. Suppose -3 = t*w - 102. Let m(u) = u - 6*u**2 + 0*u + w*u**3 - 32*u**3 - 4. What is m(6)?
2
Let n(p) = 20*p**3 + 52*p**2 + 23*p + 1. Let l(z) = -7*z**3 - 18*z**2 - 8*z. Let k(o) = -17*l(o) - 6*n(o). Give k(-6).
6
Let g(v) = 8*v**2 + v - 1. Let h be g(1). Let j(k) = 2*k - 9*k + 2 + h*k. Let x = -1 + 1. Give j(x).
2
Let x(a) be the second derivative of a**5/20 - 5*a**4/12 - 5*a**3/6 + 9*a**2/2 + 84*a. Determine x(6).
15
Let f(o) = -1 + 0 - o**2 + o**2 + 4*o**2. Suppose -2*t + 2 = -8. Suppose -t*x + 0*v = -v, 0 = -2*x - 4*v + 22. Give f(x).
3
Suppose 5*c - 8*c - 12 = 3*o, -4 = 5*c - 3*o. Let v be ((-10)/(-15))/(c/12). Let l(q) = q + 4. Give l(v).
0
Let t(q) be the second derivative of 2*q**3/3 - 204*q. Give t(-3).
-12
Let p(o) be the second derivative of 0 - 5/6*o**3 + o**2 - 2*o. Suppose 0 = f + 3*x - 8, 5*f + 4*x - 15 = 3. Give p(f).
-8
Suppose -4*q - 2*g - 26 = 0, 2*g + 23 = -2*q - g. Let b be (-9)/q + (-15)/(-20). Suppose 1 = 2*c + b. Let i(u) = -2*u**3 + 1. Calculate i(c).
3
Suppose 12*y - 1 = 371. Let s(g) = -14 + g - 4*g - 25 + y. Let o be -5 + (-2)/2 + 0. What is s(o)?
10
Suppose 2*t - a = -7 - 2, -5*t = -3*a + 24. Let n(j) = j**2 + 3*j - 2. Determine n(t).
-2
Let m(p) = -3*p**2 + 15*p - 17. Let i(g) = 16*g**2 - 73*g + 85. Let w(l) = -4*i(l) - 22*m(l). What is w(18)?
-2
Let w be ((-40)/(-22) - 10/(-55)) + 2. Suppose o = -w*v - 1, 7 = -v + o + o. Let h(y) = -y**3 + y**2 + y. What is h(v)?
1
Let f(d) = -d**3 - 2*d**2 + 6*d + 7. Let x(l) = l**2 + 15*l + 47. Let g be x(-10). Calculate f(g).
-2
Let j(w) = 17*w + 23. Let a(o) = 528*o + 715. Let t(s) = -6*a(s) + 187*j(s). Determine t(5).
66
Let s = -13 - -15. Let g(y) = -y**2 + 1 - 3*y + 0*y**s + 3*y. Suppose -2*n - 2 + 0 = 0. What is g(n)?
0
Let n(y) be the third derivative of y**2 + 1/2*y**3 + 0*y + 0 + 1/24*y**4. Calculate n(-4).
-1
Let r be 15/(-9)*(21 - 18). Let t(q) = q**3 + 3*q**2 - 8*q - 5. What is t(r)?
-15
Let u = -1228 - -1230. Let c(i) = -i + 4. Determine c(u).
2
Let w(n) = n**2 - 4*n + 1. Let s(v) = -v**3 + 14*v**2 + v - 3. Let l be s(14). Suppose -8*k + l = -37. Give w(k).
13
Let p be ((-2)/5)/(3/(-45)). Let v(b) = -b**2 - 5*b - 2. Let s be v(-2). Let u(a) = s - 1 + 3 - a. Calculate u(p).
0
Let t(z) = -5*z + 7. Let o = -198 + 205. Determine t(o).
-28
Let c(x) = x**2 + 9*x - 28. Let y be c(-12). Suppose n - y = -6. Let z(h) = -h**2 + h. What is z(n)?
-2
Suppose 4*h + 35*c + 25 = 30*c, h - c - 5 = 0. Let s(a) be the second derivative of -1/6*a**3 + h - 2*a + 4*a**2. Calculate s(0).
8
Let z be ((-160)/10)/(-1 - 1). Let l = z + -6. Let y(n) = -n + 4*n - l*n + 3 + n. Give y(-2).
-1
Let r(i) = -i**3 + 7*i**2 + 10*i - 12. Let m be r(8). Let j(w) = -m*w**2 - 38*w + 34*w + 3*w**2. What is j(-4)?
0
Let x(v) = -v**3 - 4*v**2 + 5*v + 3. Let h be x(-5). Suppose o = -6*o + 14. Let n(a) = 3*a**o + 0*a**2 - a**3 - 3*a + 0*a**2 + a**2. Determine n(h).
0
Let d(s) be the third derivative of s**5/120 + s**4/6 - s**3/3 + s**2. Let z(k) be the first derivative of d(k). Let l = 622 + -622. What is z(l)?
4
Let d(m) = m**3 + 6*m**2 + 3*m. Suppose -4*b + 24 = -s + 33, 3*b = -2*s - 15. Determine d(s).
18
Let h(q) = -q + 5. Let u(l) = -l + 13. Let b be u(6). Suppose b*y - 40 = 3*y. Let w(t) = t**2 - 10*t + 5. Let k be w(y). What is h(k)?
0
Let f(t) = -13*t**3 - 6*t**2 + 5*t - 6. Let z(k) = 4*k - 3 - k - 3*k**2 - 5*k**3 - 2*k**3. Let h(o) = 6*f(o) - 11*z(o). Let j be 50/20 + (-22)/4. Give h(j).
6
Let z be -4*(((-561)/12)/11 - -5). Let n(t) = -2 - t + 2*t**2 - 4*t**2 - t**3 + 1. What is n(z)?
11
Let z(r) = r**3 - 4*r**2 + 5*r + 1. Let b(i) = -i**2 + i + 1. Let s(u) = -5*b(u) + z(u). Let a(h) = h + 6. Let c be a(-6). Give s(c).
-4
Let t(y) be the third derivative of y**8/6720 - y**7/504 - y**6/720 - y**5/120 + y**4/24 - 4*y**2. Let f(b) be the second derivative of t(b). Determine f(5).
-6
Let u(s) = 13*s + 6. Let j be u(-2). Let p = 18 + j. Let b(r) be the second derivative of -r**3/6 - 2*r**2 + r. Determine b(p).
-2
Let l(h) be the first derivative of h**4/4 + h**3/3 - h**2/2 + 12*h + 4. Let x = -50 + 50. Give l(x).
12
Suppose 6*f - 3*f = -6. Let t(j) = 2*j**3 + 2*j**2 + 2. Let d be t(f). Let s(b) = b**3 + 5*b**2 - 7*b - 4. What is s(d)?
2
Let w(h) be the first derivative of -9*h**2/2 - 4*h - 64. Give w(1).
-13
Let k(h) = h**3 - 3*h**2 + h - 1. Suppose m = 6*m + n + 1, 5*m - 5*n = 5. Suppose -3*w + x + 4 = -m*x, 0 = 3*w + 5*x - 16. What is k(w)?
-3
Let k be -4*3/6*-1. Suppose 0 = -5*l + 3*l + n + 31, k*l + 2*n = 22. Let v = l + -15. Let o(b) = 4*b**2 + b + 1. What is o(v)?
4
Let r be 93*4/6 - 3. Suppose 1 = -4*p - r. Let i be (-4)/(24/p)*-2. Let o(v) = -v + 1. Determine o(i).
6
Let o be 2*((-16)/(-12) - (-2)/12). Let p(s) be the first derivative of -1/3*s**o + 4*s**2 - 6*s - 1. What is p(5)?
9
Suppose -d = -2*d + 2*x, 4*d - 3*x = -5. Let a be 2 - (-12 + 2/d). Let w = a + -13. Let t(y) = y + 1. Give t(w).
3
Suppose -4*l + 109 = p, 11 = -4*p - 1. Let x be 104/14 + (-12)/l. Let j be 4/x + 33/77. Let c(o) = 2*o**3 - 2*o + 1. Calculate c(j).
1
Let t = 25 + -25. Suppose -4*l + 4*f + 8 = t, -2*f - 2*f + 12 = 0. Let n(s) = -4*s + s**2 - 1 + 0*s**2 - 1. Give n(l).
3
Suppose -5*s = 5*w - 15, -3*s + 2*w + 9 = -3*w. Suppose 0*r + 9 = s*u - 3*r, 4*u = r. Let b(x) = -76*x + 1 - 2 - 3*x**3 + 74*x. Calculate b(u).
4
Suppose -28*w - 13 = 15. Let o(j) = 6*j**3 - 2*j**2 - j. What is o(w)?
-7
Let o = -173 + 182. Let a(b) = -b**3 + 8*b**2 + 8*b + 7. What is a(o)?
-2
Let g(b) = -b**3 - b**2 + 3*b. Let y be g(0). Suppose 0 = -y*k + 3*k - 2*t + 17, -3*k - 19 = -4*t. Let w(x) = x - 4. Determine w(k).
-9
Suppose -18 = 3*i - 21. Suppose u = i + 4, u = -5*y + 35. Let h(o) = 2 + o + o**3 + 3*o - 7*o**2 + 0*o. What is h(y)?
-10
Suppose 4*r = -4*i + 108, 2*i - 7*i + 81 = 3*r. Let k = r + -19. Let m(y) = 15 - 11 - k - y. Give m(3).
-7
Let x(m) = -m**2 - m + 1. Let t be x(1). Let q be (-3)/3 - (t + -4). Let d(i) be the third derivative of -i**4/6 + i**3/2 + 5*i**2. Determine d(q).
-13
Let i(s) = 2*s - 1. Let w(u) = u**3 + 12*u**2 + 21*u + 11. Let o be w(-10). Let a(t) = 3*t**3 - t**2 - 2*t + 2. Let v be a(o). What is i(v)?
3
Let b(z) = -z - 7. Suppose -3 = -6*m - 75. Give b(m).
5
Let g = 93 - 94. Let m(s